CRAN Package Check Results for Package imsig

Last updated on 2025-07-24 21:49:47 CEST.

Flavor Version Tinstall Tcheck Ttotal Status Flags
r-devel-linux-x86_64-debian-clang 1.1.3 9.22 88.19 97.41 NOTE
r-devel-linux-x86_64-debian-gcc 1.1.3 7.56 61.93 69.49 NOTE
r-devel-linux-x86_64-fedora-clang 1.1.3 149.10 OK
r-devel-linux-x86_64-fedora-gcc 1.1.3 143.02 OK
r-devel-windows-x86_64 1.1.3 10.00 99.00 109.00 OK
r-patched-linux-x86_64 1.1.3 8.87 81.19 90.06 OK
r-release-linux-x86_64 1.1.3 9.16 81.92 91.08 OK
r-release-macos-arm64 1.1.3 45.00 OK
r-release-macos-x86_64 1.1.3 81.00 OK
r-release-windows-x86_64 1.1.3 12.00 96.00 108.00 OK
r-oldrel-macos-arm64 1.1.3 40.00 OK
r-oldrel-macos-x86_64 1.1.3 68.00 OK
r-oldrel-windows-x86_64 1.1.3 14.00 113.00 127.00 OK

Check Details

Version: 1.1.3
Check: CRAN incoming feasibility
Result: NOTE Maintainer: ‘Ajit Johnson Nirmal <ajitjohnson.n@gmail.com>’ No Authors@R field in DESCRIPTION. Please add one, modifying Authors@R: person(given = c("Ajit", "Johnson"), family = "Nirmal", role = c("aut", "cre"), email = "ajitjohnson.n@gmail.com") as necessary. Flavors: r-devel-linux-x86_64-debian-clang, r-devel-linux-x86_64-debian-gcc