Last updated on 2024-05-21 15:50:26 CEST.
Flavor | Version | Tinstall | Tcheck | Ttotal | Status | Flags |
---|---|---|---|---|---|---|
r-devel-linux-x86_64-debian-clang | 0.2-0 | 2.52 | 20.05 | 22.57 | OK | |
r-devel-linux-x86_64-debian-gcc | 0.2-0 | 2.04 | 15.53 | 17.57 | OK | |
r-devel-linux-x86_64-fedora-clang | 0.2-0 | 28.32 | NOTE | |||
r-devel-linux-x86_64-fedora-gcc | 0.2-0 | 27.23 | NOTE | |||
r-patched-linux-x86_64 | 0.2-0 | 2.11 | 19.15 | 21.26 | OK | |
r-release-linux-x86_64 | 0.2-0 | 1.59 | 19.49 | 21.08 | OK | |
r-release-macos-arm64 | 0.2-0 | 14.00 | OK | |||
r-oldrel-macos-arm64 | 0.2-0 | 17.00 | OK | |||
r-oldrel-macos-x86_64 | 0.2-0 | 20.00 | OK |
Version: 0.2-0
Check: compiled code
Result: NOTE
File ‘ieeeround/libs/ieeeround.so’:
Found no calls to: ‘R_registerRoutines’, ‘R_useDynamicSymbols’
It is good practice to register native routines and to disable symbol
search.
See ‘Writing portable packages’ in the ‘Writing R Extensions’ manual.
Flavors: r-devel-linux-x86_64-fedora-clang, r-devel-linux-x86_64-fedora-gcc