Last updated on 2025-07-05 10:49:25 CEST.
Flavor | Version | Tinstall | Tcheck | Ttotal | Status | Flags |
---|---|---|---|---|---|---|
r-devel-linux-x86_64-debian-clang | 0.1.2 | 13.31 | 140.38 | 153.69 | NOTE | |
r-devel-linux-x86_64-debian-gcc | 0.1.2 | 8.92 | 104.26 | 113.18 | NOTE | |
r-devel-linux-x86_64-fedora-clang | 0.1.2 | 248.89 | OK | |||
r-devel-linux-x86_64-fedora-gcc | 0.1.2 | 233.47 | OK | |||
r-devel-windows-x86_64 | 0.1.2 | 15.00 | 138.00 | 153.00 | OK | |
r-patched-linux-x86_64 | 0.1.2 | 13.77 | 132.10 | 145.87 | OK | |
r-release-linux-x86_64 | 0.1.2 | 10.50 | 137.95 | 148.45 | OK | |
r-release-macos-arm64 | 0.1.2 | 88.00 | OK | |||
r-release-macos-x86_64 | 0.1.2 | 138.00 | OK | |||
r-release-windows-x86_64 | 0.1.2 | 15.00 | 143.00 | 158.00 | OK | |
r-oldrel-macos-arm64 | 0.1.2 | 65.00 | OK | |||
r-oldrel-macos-x86_64 | 0.1.2 | 102.00 | OK | |||
r-oldrel-windows-x86_64 | 0.1.2 | 20.00 | 183.00 | 203.00 | OK |
Version: 0.1.2
Check: CRAN incoming feasibility
Result: NOTE
Maintainer: ‘Ang Dong <fantasys05227@gmail.com>’
No Authors@R field in DESCRIPTION.
Please add one, modifying
Authors@R: person(given = "Ang",
family = "Dong",
role = c("aut", "cre"),
email = "fantasys05227@gmail.com")
as necessary.
Flavors: r-devel-linux-x86_64-debian-clang, r-devel-linux-x86_64-debian-gcc