Last updated on 2024-05-13 06:52:06 CEST.
Flavor | Version | Tinstall | Tcheck | Ttotal | Status | Flags |
---|---|---|---|---|---|---|
r-devel-linux-x86_64-debian-clang | 1.0.3 | 55.46 | 72.07 | 127.53 | NOTE | |
r-devel-linux-x86_64-debian-gcc | 1.0.3 | 35.40 | 51.97 | 87.37 | NOTE | |
r-devel-linux-x86_64-fedora-clang | 1.0.3 | 168.02 | NOTE | |||
r-devel-linux-x86_64-fedora-gcc | 1.0.3 | 214.87 | NOTE | |||
r-devel-windows-x86_64 | 1.0.3 | 41.00 | 96.00 | 137.00 | NOTE | |
r-patched-linux-x86_64 | 1.0.3 | 34.85 | 67.38 | 102.23 | NOTE | |
r-release-linux-x86_64 | 1.0.3 | 42.85 | 67.84 | 110.69 | NOTE | |
r-release-macos-arm64 | 1.0.3 | 39.00 | NOTE | |||
r-release-windows-x86_64 | 1.0.3 | 40.00 | 94.00 | 134.00 | NOTE | |
r-oldrel-macos-arm64 | 1.0.3 | 39.00 | NOTE | |||
r-oldrel-macos-x86_64 | 1.0.3 | 70.00 | NOTE | |||
r-oldrel-windows-x86_64 | 1.0.3 | 49.00 | 107.00 | 156.00 | NOTE |
Version: 1.0.3
Check: C++ specification
Result: NOTE
Specified C++11: please drop specification unless essential
Flavors: r-devel-linux-x86_64-debian-clang, r-devel-linux-x86_64-debian-gcc, r-devel-linux-x86_64-fedora-clang, r-devel-linux-x86_64-fedora-gcc, r-devel-windows-x86_64, r-patched-linux-x86_64, r-release-linux-x86_64, r-release-macos-arm64, r-release-windows-x86_64, r-oldrel-macos-arm64, r-oldrel-macos-x86_64, r-oldrel-windows-x86_64
Version: 1.0.3
Check: Rd cross-references
Result: NOTE
Undeclared packages ‘mlogit’, ‘logitr’ in Rd xrefs
Flavor: r-devel-linux-x86_64-fedora-clang