Last updated on 2024-05-11 14:48:13 CEST.
Flavor | Version | Tinstall | Tcheck | Ttotal | Status | Flags |
---|---|---|---|---|---|---|
r-devel-linux-x86_64-debian-clang | 0.6.0 | 4.28 | 50.30 | 54.58 | OK | |
r-devel-linux-x86_64-debian-gcc | 0.6.0 | 3.08 | 38.54 | 41.62 | OK | |
r-devel-linux-x86_64-fedora-clang | 0.6.0 | 71.40 | NOTE | |||
r-devel-linux-x86_64-fedora-gcc | 0.6.0 | 87.66 | NOTE | |||
r-devel-windows-x86_64 | 0.6.0 | 6.00 | 62.00 | 68.00 | OK | |
r-patched-linux-x86_64 | 0.6.0 | 5.02 | 49.41 | 54.43 | OK | |
r-release-linux-x86_64 | 0.6.0 | 4.36 | 47.63 | 51.99 | OK | |
r-release-macos-arm64 | 0.6.0 | 25.00 | OK | |||
r-release-macos-x86_64 | 0.6.0 | 62.00 | OK | |||
r-release-windows-x86_64 | 0.6.0 | 6.00 | 63.00 | 69.00 | OK | |
r-oldrel-macos-arm64 | 0.6.0 | 31.00 | OK | |||
r-oldrel-macos-x86_64 | 0.6.0 | 50.00 | OK | |||
r-oldrel-windows-x86_64 | 0.6.0 | 6.00 | 68.00 | 74.00 | OK |
Version: 0.6.0
Check: data for non-ASCII characters
Result: NOTE
Note: found 1 marked UTF-8 string
Flavors: r-devel-linux-x86_64-fedora-clang, r-devel-linux-x86_64-fedora-gcc