CRAN Package Check Results for Package hwep

Last updated on 2025-07-23 23:51:03 CEST.

Flavor Version Tinstall Tcheck Ttotal Status Flags
r-devel-linux-x86_64-debian-clang 2.0.2 229.12 182.99 412.11 NOTE
r-devel-linux-x86_64-debian-gcc 2.0.2 215.86 143.69 359.55 NOTE
r-devel-linux-x86_64-fedora-clang FAIL
r-devel-linux-x86_64-fedora-gcc 2.0.3 879.99 OK
r-devel-windows-x86_64 2.0.2 264.00 256.00 520.00 NOTE
r-patched-linux-x86_64 2.0.2 275.51 198.88 474.39 NOTE
r-release-linux-x86_64 2.0.2 266.22 196.28 462.50 NOTE
r-release-macos-arm64 2.0.2 176.00 NOTE
r-release-macos-x86_64 2.0.3 250.00 OK
r-release-windows-x86_64 2.0.2 269.00 254.00 523.00 NOTE
r-oldrel-macos-arm64 2.0.2 102.00 NOTE
r-oldrel-macos-x86_64 2.0.3 275.00 NOTE
r-oldrel-windows-x86_64 2.0.2 300.00 344.00 644.00 NOTE

Check Details

Version: 2.0.2
Check: Rd files
Result: NOTE checkRd: (-1) simgl.Rd:50: Lost braces; missing escapes or markup? 50 | Uses the {updog} R package for simulating read counts and generating | ^ Flavors: r-devel-linux-x86_64-debian-clang, r-devel-linux-x86_64-debian-gcc, r-devel-windows-x86_64, r-patched-linux-x86_64, r-release-linux-x86_64, r-release-macos-arm64, r-release-windows-x86_64, r-oldrel-macos-arm64, r-oldrel-windows-x86_64

Version: 2.0.2
Check: Rd cross-references
Result: NOTE Found the following Rd file(s) with Rd \link{} targets missing package anchors: hwep-package.Rd: future Please provide package anchors for all Rd \link{} targets not in the package itself and the base packages. Flavors: r-devel-linux-x86_64-debian-clang, r-devel-linux-x86_64-debian-gcc, r-devel-windows-x86_64, r-patched-linux-x86_64, r-release-linux-x86_64, r-release-windows-x86_64

Version: 2.0.3
Check: whether package can be installed
Result: FAIL
Flavor: r-devel-linux-x86_64-fedora-clang

Version: 2.0.2
Check: installed package size
Result: NOTE installed size is 50.5Mb sub-directories of 1Mb or more: libs 49.9Mb Flavor: r-oldrel-macos-arm64

Version: 2.0.2
Check: for GNU extensions in Makefiles
Result: NOTE GNU make is a SystemRequirements. Flavors: r-oldrel-macos-arm64, r-oldrel-windows-x86_64

Version: 2.0.3
Check: installed package size
Result: NOTE installed size is 51.1Mb sub-directories of 1Mb or more: libs 50.4Mb Flavor: r-oldrel-macos-x86_64

Version: 2.0.3
Check: for GNU extensions in Makefiles
Result: NOTE GNU make is a SystemRequirements. Flavor: r-oldrel-macos-x86_64