Last updated on 2025-05-27 22:52:17 CEST.
Flavor | Version | Tinstall | Tcheck | Ttotal | Status | Flags |
---|---|---|---|---|---|---|
r-devel-linux-x86_64-debian-clang | 0.1.1 | 10.14 | 150.63 | 160.77 | NOTE | |
r-devel-linux-x86_64-debian-gcc | 0.1.1 | 8.20 | 134.49 | 142.69 | NOTE | |
r-devel-linux-x86_64-fedora-clang | 0.1.1 | 234.31 | OK | |||
r-devel-linux-x86_64-fedora-gcc | 0.1.1 | 228.49 | OK | |||
r-devel-windows-x86_64 | 0.1.1 | 15.00 | 152.00 | 167.00 | OK | |
r-patched-linux-x86_64 | 0.1.1 | 10.22 | 142.62 | 152.84 | OK | |
r-release-linux-x86_64 | 0.1.1 | 10.90 | 146.10 | 157.00 | OK | |
r-release-macos-arm64 | 0.1.1 | 101.00 | OK | |||
r-release-macos-x86_64 | 0.1.1 | 188.00 | OK | |||
r-release-windows-x86_64 | 0.1.1 | 16.00 | 157.00 | 173.00 | OK | |
r-oldrel-macos-arm64 | 0.1.1 | 82.00 | OK | |||
r-oldrel-macos-x86_64 | 0.1.1 | 115.00 | OK | |||
r-oldrel-windows-x86_64 | 0.1.1 | 19.00 | 194.00 | 213.00 | OK |
Version: 0.1.1
Check: CRAN incoming feasibility
Result: NOTE
Maintainer: ‘Daniel P. Palomar <daniel.p.palomar@gmail.com>’
Package CITATION file contains call(s) to old-style personList() or
as.personList(). Please use c() on person objects instead.
Package CITATION file contains call(s) to old-style citEntry(). Please
use bibentry() instead.
The Description field contains
<arXiv:2008.00863>. X. Wang, R. Zhou, J. Ying, and D. P. Palomar
Parametric Skew-t Distribution." <arXiv:2206.02412>.
Please refer to arXiv e-prints via their arXiv DOI <doi:10.48550/arXiv.YYMM.NNNNN>.
Flavors: r-devel-linux-x86_64-debian-clang, r-devel-linux-x86_64-debian-gcc