Last updated on 2025-07-28 18:51:40 CEST.
Flavor | Version | Tinstall | Tcheck | Ttotal | Status | Flags |
---|---|---|---|---|---|---|
r-devel-linux-x86_64-debian-gcc | 0.0.1 | 38.32 | 370.84 | 409.16 | OK | |
r-devel-linux-x86_64-fedora-clang | 0.0.1 | 834.55 | OK | |||
r-devel-linux-x86_64-fedora-gcc | 0.0.1 | 855.13 | OK | |||
r-devel-windows-x86_64 | 0.0.1 | 54.00 | 428.00 | 482.00 | OK | |
r-release-linux-x86_64 | 0.0.1 | 50.31 | 465.26 | 515.57 | OK | |
r-release-macos-arm64 | 0.0.1 | 5.00 | ERROR | |||
r-release-macos-x86_64 | 0.0.1 | 6.00 | ERROR | |||
r-release-windows-x86_64 | 0.0.1 | 50.00 | 386.00 | 436.00 | OK | |
r-oldrel-macos-arm64 | 0.0.1 | 9.00 | ERROR | |||
r-oldrel-macos-x86_64 | 0.0.1 | 11.00 | ERROR | |||
r-oldrel-windows-x86_64 | 0.0.1 | 63.00 | 484.00 | 547.00 | OK |
Version: 0.0.1
Check: package dependencies
Result: ERROR
Package required but not available: ‘diffHic’
See section ‘The DESCRIPTION file’ in the ‘Writing R Extensions’
manual.
Flavors: r-release-macos-arm64, r-release-macos-x86_64, r-oldrel-macos-arm64, r-oldrel-macos-x86_64