CRAN Package Check Results for Package heuristica

Last updated on 2025-07-03 05:50:32 CEST.

Flavor Version Tinstall Tcheck Ttotal Status Flags
r-devel-linux-x86_64-debian-clang 1.0.3 3.05 183.75 186.80 NOTE
r-devel-linux-x86_64-debian-gcc 1.0.3 2.12 119.28 121.40 NOTE
r-devel-linux-x86_64-fedora-clang 1.0.3 277.23 NOTE
r-devel-linux-x86_64-fedora-gcc 1.0.3 299.93 NOTE
r-devel-windows-x86_64 1.0.3 5.00 181.00 186.00 NOTE
r-patched-linux-x86_64 1.0.3 3.48 168.79 172.27 NOTE
r-release-linux-x86_64 1.0.3 2.86 167.27 170.13 NOTE
r-release-macos-arm64 1.0.3 80.00 NOTE
r-release-macos-x86_64 1.0.3 146.00 NOTE
r-release-windows-x86_64 1.0.3 6.00 184.00 190.00 NOTE
r-oldrel-macos-arm64 1.0.3 79.00 NOTE
r-oldrel-macos-x86_64 1.0.3 124.00 NOTE
r-oldrel-windows-x86_64 1.0.3 7.00 241.00 248.00 NOTE

Check Details

Version: 1.0.3
Check: Rd files
Result: NOTE checkRd: (-1) predictPair.Rd:20: Lost braces; missing escapes or markup? 20 | A number in the set {-1, 0, 1}, where 1 means row1 is predicted to | ^ checkRd: (-1) predictPairInternal.Rd:18: Lost braces; missing escapes or markup? 18 | A number in the set {-1, 0, 1}, where 1 means row1 is predicted to | ^ Flavors: r-devel-linux-x86_64-debian-clang, r-devel-linux-x86_64-debian-gcc, r-devel-linux-x86_64-fedora-clang, r-devel-linux-x86_64-fedora-gcc, r-devel-windows-x86_64, r-patched-linux-x86_64, r-release-linux-x86_64, r-release-macos-arm64, r-release-macos-x86_64, r-release-windows-x86_64, r-oldrel-macos-arm64, r-oldrel-macos-x86_64, r-oldrel-windows-x86_64