Last updated on 2024-05-13 11:56:37 CEST.
Flavor | Version | Tinstall | Tcheck | Ttotal | Status | Flags |
---|---|---|---|---|---|---|
r-devel-linux-x86_64-debian-clang | 1.0.0 | 18.60 | 155.63 | 174.23 | NOTE | |
r-devel-linux-x86_64-debian-gcc | 1.0.0 | 12.53 | 113.03 | 125.56 | NOTE | |
r-devel-linux-x86_64-fedora-clang | 1.0.0 | 223.86 | NOTE | |||
r-devel-linux-x86_64-fedora-gcc | 1.0.0 | 267.76 | NOTE | |||
r-devel-windows-x86_64 | 1.0.0 | 15.00 | 117.00 | 132.00 | NOTE | |
r-patched-linux-x86_64 | 1.0.0 | 22.96 | 152.84 | 175.80 | NOTE | |
r-release-linux-x86_64 | 1.0.0 | 11.00 | 150.83 | 161.83 | NOTE | |
r-release-macos-arm64 | 1.0.0 | 56.00 | NOTE | |||
r-release-windows-x86_64 | 1.0.0 | 16.00 | 118.00 | 134.00 | NOTE | |
r-oldrel-macos-arm64 | 1.0.0 | 68.00 | OK | |||
r-oldrel-macos-x86_64 | 1.0.0 | 100.00 | OK | |||
r-oldrel-windows-x86_64 | 1.0.0 | 21.00 | 152.00 | 173.00 | OK |
Version: 1.0.0
Check: Rd files
Result: NOTE
checkRd: (-1) mediate_bslmm.Rd:65-67: Lost braces in \itemize; \value handles \item{}{} directly
checkRd: (-1) mediate_bslmm.Rd:68-69: Lost braces in \itemize; \value handles \item{}{} directly
checkRd: (-1) mediate_hdma.Rd:49-50: Lost braces in \itemize; \value handles \item{}{} directly
checkRd: (-1) mediate_hdma.Rd:51-52: Lost braces in \itemize; \value handles \item{}{} directly
checkRd: (-1) mediate_hdmm.Rd:65-66: Lost braces in \itemize; \value handles \item{}{} directly
checkRd: (-1) mediate_hdmm.Rd:67-68: Lost braces in \itemize; \value handles \item{}{} directly
checkRd: (-1) mediate_hdmm.Rd:69-70: Lost braces in \itemize; \value handles \item{}{} directly
checkRd: (-1) mediate_hima.Rd:46-47: Lost braces in \itemize; \value handles \item{}{} directly
checkRd: (-1) mediate_hima.Rd:48-49: Lost braces in \itemize; \value handles \item{}{} directly
checkRd: (-1) mediate_medfix.Rd:52-53: Lost braces in \itemize; \value handles \item{}{} directly
checkRd: (-1) mediate_medfix.Rd:54-55: Lost braces in \itemize; \value handles \item{}{} directly
checkRd: (-1) mediate_pcma.Rd:53: Lost braces in \itemize; \value handles \item{}{} directly
checkRd: (-1) mediate_pcma.Rd:54: Lost braces in \itemize; \value handles \item{}{} directly
checkRd: (-1) mediate_pcma.Rd:56-57: Lost braces in \itemize; \value handles \item{}{} directly
checkRd: (-1) mediate_pcma.Rd:58-59: Lost braces in \itemize; \value handles \item{}{} directly
checkRd: (-1) mediate_plasso.Rd:58: Lost braces in \itemize; \value handles \item{}{} directly
checkRd: (-1) mediate_plasso.Rd:59: Lost braces in \itemize; \value handles \item{}{} directly
checkRd: (-1) mediate_plasso.Rd:60: Lost braces in \itemize; \value handles \item{}{} directly
checkRd: (-1) mediate_plasso.Rd:61: Lost braces in \itemize; \value handles \item{}{} directly
checkRd: (-1) mediate_plasso.Rd:62: Lost braces in \itemize; \value handles \item{}{} directly
checkRd: (-1) mediate_spcma.Rd:79: Lost braces in \itemize; \value handles \item{}{} directly
checkRd: (-1) mediate_spcma.Rd:80: Lost braces in \itemize; \value handles \item{}{} directly
checkRd: (-1) mediate_spcma.Rd:82-83: Lost braces in \itemize; \value handles \item{}{} directly
checkRd: (-1) mediate_spcma.Rd:84-85: Lost braces in \itemize; \value handles \item{}{} directly
Flavors: r-devel-linux-x86_64-debian-clang, r-devel-linux-x86_64-debian-gcc, r-devel-linux-x86_64-fedora-clang, r-devel-linux-x86_64-fedora-gcc, r-devel-windows-x86_64, r-patched-linux-x86_64, r-release-linux-x86_64, r-release-macos-arm64, r-release-windows-x86_64