Last updated on 2025-05-23 13:49:35 CEST.
Flavor | Version | Tinstall | Tcheck | Ttotal | Status | Flags |
---|---|---|---|---|---|---|
r-devel-linux-x86_64-debian-clang | 0.1.0 | 1.92 | 17.38 | 19.30 | NOTE | |
r-devel-linux-x86_64-debian-gcc | 0.1.0 | 1.71 | 13.97 | 15.68 | NOTE | |
r-devel-linux-x86_64-fedora-clang | 0.1.0 | 31.16 | OK | |||
r-devel-linux-x86_64-fedora-gcc | 0.1.0 | 28.82 | OK | |||
r-devel-windows-x86_64 | 0.1.0 | 3.00 | 41.00 | 44.00 | OK | |
r-patched-linux-x86_64 | 0.1.0 | 1.96 | 16.82 | 18.78 | OK | |
r-release-linux-x86_64 | 0.1.0 | 1.91 | 16.59 | 18.50 | OK | |
r-release-macos-arm64 | 0.1.0 | 15.00 | OK | |||
r-release-macos-x86_64 | 0.1.0 | 22.00 | OK | |||
r-release-windows-x86_64 | 0.1.0 | 4.00 | 38.00 | 42.00 | OK | |
r-oldrel-macos-arm64 | 0.1.0 | 14.00 | NOTE | |||
r-oldrel-macos-x86_64 | 0.1.0 | 18.00 | NOTE | |||
r-oldrel-windows-x86_64 | 0.1.0 | 2.00 | 35.00 | 37.00 | NOTE |
Version: 0.1.0
Check: CRAN incoming feasibility
Result: NOTE
Maintainer: ‘Xiuwen Wang <wangxw36@mail2.sysu.edu.cn>’
No Authors@R field in DESCRIPTION.
Please add one, modifying
Authors@R: person(given = "Xiuwen",
family = "Wang",
role = c("aut", "cre"),
email = "wangxw36@mail2.sysu.edu.cn")
as necessary.
Flavors: r-devel-linux-x86_64-debian-clang, r-devel-linux-x86_64-debian-gcc
Version: 0.1.0
Check: LazyData
Result: NOTE
'LazyData' is specified without a 'data' directory
Flavors: r-oldrel-macos-arm64, r-oldrel-macos-x86_64, r-oldrel-windows-x86_64