Last updated on 2024-05-11 10:48:35 CEST.
Flavor | Version | Tinstall | Tcheck | Ttotal | Status | Flags |
---|---|---|---|---|---|---|
r-devel-linux-x86_64-debian-clang | 1.0.2 | 3.69 | 31.83 | 35.52 | NOTE | |
r-devel-linux-x86_64-debian-gcc | 1.0.2 | 2.58 | 24.33 | 26.91 | NOTE | |
r-devel-linux-x86_64-fedora-clang | 1.0.2 | 46.06 | NOTE | |||
r-devel-linux-x86_64-fedora-gcc | 1.0.2 | 62.94 | NOTE | |||
r-devel-windows-x86_64 | 1.0.2 | 5.00 | 45.00 | 50.00 | NOTE | |
r-patched-linux-x86_64 | 1.0.2 | 3.52 | 31.09 | 34.61 | NOTE | |
r-release-linux-x86_64 | 1.0.2 | 3.46 | 30.87 | 34.33 | NOTE | |
r-release-macos-arm64 | 1.0.2 | 19.00 | OK | |||
r-release-windows-x86_64 | 1.0.2 | 4.00 | 46.00 | 50.00 | NOTE | |
r-oldrel-macos-arm64 | 1.0.2 | 21.00 | OK | |||
r-oldrel-macos-x86_64 | 1.0.2 | 38.00 | OK | |||
r-oldrel-windows-x86_64 | 1.0.2 | 5.00 | 46.00 | 51.00 | OK |
Version: 1.0.2
Check: HTML version of manual
Result: NOTE
Found the following HTML validation problems:
summary_greek.html:58:1 (summary_greek.Rd:22): Warning: trimming empty <dt>
Flavors: r-devel-linux-x86_64-debian-clang, r-devel-linux-x86_64-debian-gcc, r-devel-linux-x86_64-fedora-clang, r-devel-linux-x86_64-fedora-gcc, r-devel-windows-x86_64, r-patched-linux-x86_64, r-release-linux-x86_64, r-release-windows-x86_64