Last updated on 2025-10-31 20:48:40 CET.
| Flavor | Version | Tinstall | Tcheck | Ttotal | Status | Flags | 
|---|---|---|---|---|---|---|
| r-devel-linux-x86_64-debian-clang | 1.1 | 219.33 | 43.48 | 262.81 | OK | |
| r-devel-linux-x86_64-debian-gcc | 1.1 | 113.48 | 25.46 | 138.94 | OK | |
| r-devel-linux-x86_64-fedora-clang | 1.1 | 720.00 | -131.01 | 588.99 | OK | |
| r-devel-linux-x86_64-fedora-gcc | 1.1 | 301.00 | 91.87 | 392.87 | OK | |
| r-devel-windows-x86_64 | 1.1 | 244.00 | 67.00 | 311.00 | OK | |
| r-patched-linux-x86_64 | 1.1 | 196.76 | 31.14 | 227.90 | OK | |
| r-release-linux-x86_64 | 1.1 | 207.22 | 30.94 | 238.16 | OK | |
| r-release-macos-arm64 | 1.1 | 69.00 | 22.00 | 91.00 | OK | |
| r-release-macos-x86_64 | 1.1 | 52.00 | 30.00 | 82.00 | OK | |
| r-release-windows-x86_64 | 1.1 | 247.00 | 73.00 | 320.00 | OK | |
| r-oldrel-macos-arm64 | 1.1 | 64.00 | 18.00 | 82.00 | NOTE | |
| r-oldrel-macos-x86_64 | 1.1 | 73.00 | 32.00 | 105.00 | NOTE | |
| r-oldrel-windows-x86_64 | 1.1 | 283.00 | 84.00 | 367.00 | OK | 
Version: 1.1
Check: installed package size
Result: NOTE
    installed size is  5.9Mb
    sub-directories of 1Mb or more:
      libs   5.8Mb
Flavors: r-oldrel-macos-arm64, r-oldrel-macos-x86_64