Last updated on 2025-05-22 20:50:51 CEST.
Flavor | Version | Tinstall | Tcheck | Ttotal | Status | Flags |
---|---|---|---|---|---|---|
r-devel-linux-x86_64-debian-clang | 5.0.0.1 | 17.41 | 178.44 | 195.85 | OK | |
r-devel-linux-x86_64-debian-gcc | 5.0.0.1 | 12.52 | 121.49 | 134.01 | OK | |
r-devel-linux-x86_64-fedora-clang | 5.0.0.1 | 325.16 | OK | |||
r-devel-linux-x86_64-fedora-gcc | 5.0.0.1 | 288.66 | OK | |||
r-devel-windows-x86_64 | 5.0.0.1 | 20.00 | 201.00 | 221.00 | OK | |
r-patched-linux-x86_64 | 5.0.0.1 | 18.35 | 167.35 | 185.70 | OK | |
r-release-linux-x86_64 | 5.0.0.1 | 16.05 | 166.28 | 182.33 | OK | |
r-release-macos-arm64 | 5.0.0.1 | 72.00 | OK | |||
r-release-macos-x86_64 | 5.0.0.1 | 121.00 | OK | |||
r-release-windows-x86_64 | 5.0.0.1 | 20.00 | 201.00 | 221.00 | OK | |
r-oldrel-macos-arm64 | 5.0.0.1 | 73.00 | NOTE | |||
r-oldrel-macos-x86_64 | 5.0.0.1 | 118.00 | NOTE | |||
r-oldrel-windows-x86_64 | 5.0.0.1 | 26.00 | 233.00 | 259.00 | NOTE |
Version: 5.0.0.1
Check: installed package size
Result: NOTE
installed size is 5.5Mb
sub-directories of 1Mb or more:
help 5.2Mb
Flavors: r-oldrel-macos-arm64, r-oldrel-macos-x86_64, r-oldrel-windows-x86_64