CRAN Package Check Results for Package gmpoly

Last updated on 2025-07-03 05:50:31 CEST.

Flavor Version Tinstall Tcheck Ttotal Status Flags
r-devel-linux-x86_64-debian-clang 1.1.0 11.97 99.07 111.04 NOTE
r-devel-linux-x86_64-debian-gcc 1.1.0 8.30 70.10 78.40 NOTE
r-devel-linux-x86_64-fedora-clang 1.1.0 162.16 OK
r-devel-linux-x86_64-fedora-gcc 1.1.0 150.21 OK
r-devel-windows-x86_64 1.1.0 13.00 99.00 112.00 OK
r-patched-linux-x86_64 1.1.0 11.84 91.86 103.70 OK
r-release-linux-x86_64 1.1.0 10.75 92.23 102.98 OK
r-release-macos-arm64 1.1.0 41.00 OK
r-release-macos-x86_64 1.1.0 85.00 OK
r-release-windows-x86_64 1.1.0 15.00 101.00 116.00 OK
r-oldrel-macos-arm64 1.1.0 47.00 OK
r-oldrel-macos-x86_64 1.1.0 81.00 OK
r-oldrel-windows-x86_64 1.1.0 16.00 129.00 145.00 OK

Check Details

Version: 1.1.0
Check: CRAN incoming feasibility
Result: NOTE Maintainer: ‘Stéphane Laurent <laurent_step@outlook.fr>’ No Authors@R field in DESCRIPTION. Please add one, modifying Authors@R: person(given = "Stéphane", family = "Laurent", role = c("aut", "cre"), email = "laurent_step@outlook.fr") as necessary. Flavors: r-devel-linux-x86_64-debian-clang, r-devel-linux-x86_64-debian-gcc