Last updated on 2025-05-22 20:50:50 CEST.
Flavor | Version | Tinstall | Tcheck | Ttotal | Status | Flags |
---|---|---|---|---|---|---|
r-devel-linux-x86_64-debian-clang | 0.8.0 | 5.30 | 63.86 | 69.16 | OK | |
r-devel-linux-x86_64-debian-gcc | 0.8.0 | 4.10 | 46.03 | 50.13 | OK | |
r-devel-linux-x86_64-fedora-clang | 0.8.0 | 108.17 | NOTE | |||
r-devel-linux-x86_64-fedora-gcc | 0.8.0 | 116.38 | NOTE | |||
r-devel-windows-x86_64 | 0.8.0 | 7.00 | 96.00 | 103.00 | OK | |
r-patched-linux-x86_64 | 0.8.0 | 5.32 | 58.59 | 63.91 | OK | |
r-release-linux-x86_64 | 0.8.0 | 5.05 | 58.28 | 63.33 | OK | |
r-release-macos-arm64 | 0.8.0 | 55.00 | OK | |||
r-release-macos-x86_64 | 0.8.0 | 74.00 | OK | |||
r-release-windows-x86_64 | 0.8.0 | 8.00 | 118.00 | 126.00 | OK | |
r-oldrel-macos-arm64 | 0.8.0 | 43.00 | OK | |||
r-oldrel-macos-x86_64 | 0.8.0 | 61.00 | OK | |||
r-oldrel-windows-x86_64 | 0.8.0 | 9.00 | 94.00 | 103.00 | OK |
Version: 0.8.0
Check: dependencies in R code
Result: NOTE
Namespace in Imports field not imported from: ‘rlang’
All declared Imports should be used.
Flavors: r-devel-linux-x86_64-fedora-clang, r-devel-linux-x86_64-fedora-gcc