Last updated on 2024-05-04 14:48:18 CEST.
Flavor | Version | Tinstall | Tcheck | Ttotal | Status | Flags |
---|---|---|---|---|---|---|
r-devel-linux-x86_64-debian-clang | 1.6-0 | 7.00 | 120.08 | 127.08 | NOTE | |
r-devel-linux-x86_64-debian-gcc | 1.6-0 | 4.53 | 80.34 | 84.87 | NOTE | |
r-devel-linux-x86_64-fedora-clang | 1.6-0 | 153.45 | NOTE | |||
r-devel-linux-x86_64-fedora-gcc | 1.6-0 | 156.77 | NOTE | |||
r-devel-windows-x86_64 | 1.6-0 | 7.00 | 122.00 | 129.00 | NOTE | |
r-patched-linux-x86_64 | 1.6-0 | 5.97 | 109.29 | 115.26 | NOTE | |
r-release-linux-x86_64 | 1.6-0 | 4.70 | 107.94 | 112.64 | NOTE | |
r-release-macos-arm64 | 1.6-0 | 45.00 | NOTE | |||
r-release-windows-x86_64 | 1.6-0 | 6.00 | 121.00 | 127.00 | NOTE | |
r-oldrel-macos-arm64 | 1.6-0 | 51.00 | NOTE | |||
r-oldrel-macos-x86_64 | 1.6-0 | 79.00 | NOTE | |||
r-oldrel-windows-x86_64 | 1.6-0 | 6.00 | 131.00 | 137.00 | NOTE |
Version: 1.6-0
Check: Rd files
Result: NOTE
checkRd: (-1) randPIT.Rd:52: Escaped LaTeX specials: \&
Flavors: r-devel-linux-x86_64-debian-clang, r-devel-linux-x86_64-debian-gcc, r-devel-linux-x86_64-fedora-clang, r-devel-linux-x86_64-fedora-gcc, r-devel-windows-x86_64, r-patched-linux-x86_64, r-release-linux-x86_64, r-release-macos-arm64, r-release-windows-x86_64, r-oldrel-macos-arm64, r-oldrel-macos-x86_64, r-oldrel-windows-x86_64