Last updated on 2025-10-31 22:49:59 CET.
| Flavor | Version | Tinstall | Tcheck | Ttotal | Status | Flags | 
|---|---|---|---|---|---|---|
| r-devel-linux-x86_64-debian-clang | 1.0.0 | 4.75 | 52.18 | 56.93 | OK | |
| r-devel-linux-x86_64-debian-gcc | 1.0.0 | 2.97 | 36.46 | 39.43 | OK | |
| r-devel-linux-x86_64-fedora-clang | 1.0.0 | 15.00 | 68.73 | 83.73 | NOTE | |
| r-devel-linux-x86_64-fedora-gcc | 1.0.0 | 13.00 | 78.28 | 91.28 | NOTE | |
| r-devel-windows-x86_64 | 1.0.0 | 7.00 | 69.00 | 76.00 | OK | |
| r-patched-linux-x86_64 | 1.0.0 | 5.64 | 46.40 | 52.04 | OK | |
| r-release-linux-x86_64 | 1.0.0 | 4.58 | 47.13 | 51.71 | OK | |
| r-release-macos-arm64 | 1.0.0 | 2.00 | 29.00 | 31.00 | OK | |
| r-release-macos-x86_64 | 1.0.0 | 4.00 | 53.00 | 57.00 | OK | |
| r-release-windows-x86_64 | 1.0.0 | 9.00 | 69.00 | 78.00 | OK | |
| r-oldrel-macos-arm64 | 1.0.0 | 2.00 | 30.00 | 32.00 | NOTE | |
| r-oldrel-macos-x86_64 | 1.0.0 | 3.00 | 46.00 | 49.00 | NOTE | |
| r-oldrel-windows-x86_64 | 1.0.0 | 9.00 | 85.00 | 94.00 | NOTE | 
Version: 1.0.0
Check: dependencies in R code
Result: NOTE
  Namespaces in Imports field not imported from:
    ‘Rcpp’ ‘mockery’
    All declared Imports should be used.
Flavors: r-devel-linux-x86_64-fedora-clang, r-devel-linux-x86_64-fedora-gcc
Version: 1.0.0
Check: LazyData
Result: NOTE
    'LazyData' is specified without a 'data' directory
Flavors: r-oldrel-macos-arm64, r-oldrel-macos-x86_64, r-oldrel-windows-x86_64