Last updated on 2024-05-10 00:55:03 CEST.
Flavor | Version | Tinstall | Tcheck | Ttotal | Status | Flags |
---|---|---|---|---|---|---|
r-devel-linux-x86_64-debian-clang | 0.2.1 | 48.50 | 30.75 | 79.25 | NOTE | |
r-devel-linux-x86_64-debian-gcc | 0.2.1 | 37.56 | 23.87 | 61.43 | NOTE | |
r-devel-linux-x86_64-fedora-clang | 0.2.1 | 110.97 | NOTE | |||
r-devel-linux-x86_64-fedora-gcc | 0.2.1 | 158.21 | NOTE | |||
r-devel-windows-x86_64 | 0.2.1 | 39.00 | 68.00 | 107.00 | NOTE | |
r-patched-linux-x86_64 | 0.2.1 | 50.49 | 29.72 | 80.21 | NOTE | |
r-release-linux-x86_64 | 0.2.1 | 44.85 | 29.61 | 74.46 | NOTE | |
r-release-macos-arm64 | 0.2.1 | 30.00 | NOTE | |||
r-release-windows-x86_64 | 0.2.1 | 35.00 | 67.00 | 102.00 | NOTE | |
r-oldrel-macos-arm64 | 0.2.1 | 35.00 | OK | |||
r-oldrel-macos-x86_64 | 0.2.1 | 53.00 | OK | |||
r-oldrel-windows-x86_64 | 0.2.1 | 47.00 | 72.00 | 119.00 | OK |
Version: 0.2.1
Check: Rd files
Result: NOTE
checkRd: (-1) gigg.Rd:70-77: Lost braces in \itemize; \value handles \item{}{} directly
checkRd: (-1) gigg.Rd:78: Lost braces in \itemize; \value handles \item{}{} directly
checkRd: (-1) gigg.Rd:79: Lost braces in \itemize; \value handles \item{}{} directly
checkRd: (-1) gigg.Rd:80: Lost braces in \itemize; \value handles \item{}{} directly
checkRd: (-1) gigg.Rd:81: Lost braces in \itemize; \value handles \item{}{} directly
checkRd: (-1) gigg.Rd:82: Lost braces in \itemize; \value handles \item{}{} directly
checkRd: (-1) gigg.Rd:83: Lost braces in \itemize; \value handles \item{}{} directly
checkRd: (-1) gigg.Rd:84: Lost braces in \itemize; \value handles \item{}{} directly
checkRd: (-1) gigg.Rd:85: Lost braces in \itemize; \value handles \item{}{} directly
checkRd: (-1) gigg.Rd:86: Lost braces in \itemize; \value handles \item{}{} directly
Flavors: r-devel-linux-x86_64-debian-clang, r-devel-linux-x86_64-debian-gcc, r-devel-linux-x86_64-fedora-clang, r-devel-linux-x86_64-fedora-gcc, r-devel-windows-x86_64, r-patched-linux-x86_64, r-release-linux-x86_64, r-release-macos-arm64, r-release-windows-x86_64