CRAN Package Check Results for Package ggtricks

Last updated on 2025-07-28 14:48:59 CEST.

Flavor Version Tinstall Tcheck Ttotal Status Flags
r-devel-linux-x86_64-debian-clang 0.1.0 5.82 35.99 41.81 NOTE
r-devel-linux-x86_64-debian-gcc 0.1.0 3.95 27.51 31.46 NOTE
r-devel-linux-x86_64-fedora-clang 0.1.0 65.50 NOTE
r-devel-linux-x86_64-fedora-gcc 0.1.0 57.43 NOTE
r-devel-windows-x86_64 0.1.0 8.00 63.00 71.00 NOTE
r-patched-linux-x86_64 0.1.0 5.66 31.89 37.55 NOTE
r-release-linux-x86_64 0.1.0 4.99 32.08 37.07 NOTE
r-release-macos-arm64 0.1.0 32.00 NOTE
r-release-macos-x86_64 0.1.0 35.00 NOTE
r-release-windows-x86_64 0.1.0 7.00 55.00 62.00 NOTE
r-oldrel-macos-arm64 0.1.0 20.00 OK
r-oldrel-macos-x86_64 0.1.0 30.00 OK
r-oldrel-windows-x86_64 0.1.0 11.00 62.00 73.00 OK

Check Details

Version: 0.1.0
Check: DESCRIPTION meta-information
Result: NOTE Missing dependency on R >= 4.1.0 because package code uses the pipe |> or function shorthand \(...) syntax added in R 4.1.0. File(s) using such syntax: ‘geom_donut.Rd’ ‘geom_donut_slice.Rd’ ‘geom_pie.Rd’ ‘geom_series_circles.Rd’ ‘geom_series_text.Rd’ ‘geom_slice.Rd’ ‘stat-series-circles.R’ Flavors: r-devel-linux-x86_64-debian-clang, r-devel-linux-x86_64-debian-gcc, r-devel-linux-x86_64-fedora-clang, r-devel-linux-x86_64-fedora-gcc, r-devel-windows-x86_64, r-patched-linux-x86_64, r-release-linux-x86_64, r-release-macos-arm64, r-release-macos-x86_64, r-release-windows-x86_64