Last updated on 2024-05-10 00:55:03 CEST.
Flavor | Version | Tinstall | Tcheck | Ttotal | Status | Flags |
---|---|---|---|---|---|---|
r-devel-linux-x86_64-debian-clang | 0.4.0 | 6.69 | 54.78 | 61.47 | NOTE | |
r-devel-linux-x86_64-debian-gcc | 0.4.0 | 4.84 | 41.16 | 46.00 | NOTE | |
r-devel-linux-x86_64-fedora-clang | 0.4.0 | 79.19 | NOTE | |||
r-devel-linux-x86_64-fedora-gcc | 0.4.0 | 120.36 | NOTE | |||
r-devel-windows-x86_64 | 0.4.0 | 8.00 | 60.00 | 68.00 | NOTE | |
r-patched-linux-x86_64 | 0.4.0 | 4.10 | 52.87 | 56.97 | NOTE | |
r-release-linux-x86_64 | 0.4.0 | 5.40 | 51.44 | 56.84 | NOTE | |
r-release-macos-arm64 | 0.4.0 | 27.00 | NOTE | |||
r-release-windows-x86_64 | 0.4.0 | 8.00 | 60.00 | 68.00 | NOTE | |
r-oldrel-macos-arm64 | 0.4.0 | 26.00 | NOTE | |||
r-oldrel-macos-x86_64 | 0.4.0 | 38.00 | NOTE | |||
r-oldrel-windows-x86_64 | 0.4.0 | 9.00 | 64.00 | 73.00 | NOTE |
Version: 0.4.0
Check: LazyData
Result: NOTE
'LazyData' is specified without a 'data' directory
Flavors: r-devel-linux-x86_64-debian-clang, r-devel-linux-x86_64-debian-gcc, r-devel-linux-x86_64-fedora-clang, r-devel-linux-x86_64-fedora-gcc, r-devel-windows-x86_64, r-patched-linux-x86_64, r-release-linux-x86_64, r-release-macos-arm64, r-release-windows-x86_64, r-oldrel-macos-arm64, r-oldrel-macos-x86_64, r-oldrel-windows-x86_64