Last updated on 2024-03-29 15:54:38 CET.
Flavor | Version | Tinstall | Tcheck | Ttotal | Status | Flags |
---|---|---|---|---|---|---|
r-devel-linux-x86_64-debian-clang | 3.5.0 | 29.44 | 562.30 | 591.74 | OK | |
r-devel-linux-x86_64-debian-gcc | 3.5.0 | 29.10 | 408.31 | 437.41 | OK | |
r-devel-linux-x86_64-fedora-clang | 3.5.0 | 638.08 | NOTE | |||
r-devel-linux-x86_64-fedora-gcc | 3.5.0 | 691.55 | OK | |||
r-devel-windows-x86_64 | 3.5.0 | 35.00 | 457.00 | 492.00 | NOTE | |
r-patched-linux-x86_64 | 3.5.0 | 43.51 | 551.10 | 594.61 | OK | |
r-release-linux-x86_64 | 3.5.0 | 30.28 | 528.63 | 558.91 | OK | |
r-release-macos-arm64 | 3.5.0 | 181.00 | NOTE | |||
r-release-macos-x86_64 | 3.5.0 | 447.00 | NOTE | |||
r-release-windows-x86_64 | 3.5.0 | 42.00 | 579.00 | 621.00 | NOTE | |
r-oldrel-macos-arm64 | 3.5.0 | 179.00 | NOTE | |||
r-oldrel-windows-x86_64 | 3.5.0 | 49.00 | 519.00 | 568.00 | NOTE |
Version: 3.5.0
Check: installed package size
Result: NOTE
installed size is 5.9Mb
sub-directories of 1Mb or more:
R 1.5Mb
doc 2.3Mb
help 1.1Mb
Flavors: r-devel-linux-x86_64-fedora-clang, r-devel-windows-x86_64, r-release-macos-arm64, r-release-macos-x86_64, r-release-windows-x86_64, r-oldrel-macos-arm64, r-oldrel-windows-x86_64
Version: 3.5.0
Check: Rd cross-references
Result: NOTE
Undeclared packages ‘interp’, ‘akima’ in Rd xrefs
Flavor: r-devel-linux-x86_64-fedora-clang