Last updated on 2025-05-28 20:53:06 CEST.
Flavor | Version | Tinstall | Tcheck | Ttotal | Status | Flags |
---|---|---|---|---|---|---|
r-devel-linux-x86_64-debian-clang | 0.1.0 | 3.24 | 115.22 | 118.46 | NOTE | |
r-devel-linux-x86_64-debian-gcc | 0.1.0 | 2.38 | 85.12 | 87.50 | NOTE | |
r-devel-linux-x86_64-fedora-clang | 0.1.0 | 179.60 | OK | |||
r-devel-linux-x86_64-fedora-gcc | 0.1.0 | 194.99 | OK | |||
r-devel-windows-x86_64 | 0.1.0 | 6.00 | 123.00 | 129.00 | NOTE | |
r-patched-linux-x86_64 | 0.1.0 | 3.75 | 109.32 | 113.07 | NOTE | |
r-release-linux-x86_64 | 0.1.0 | 3.44 | 110.30 | 113.74 | NOTE | |
r-release-macos-arm64 | 0.1.0 | 54.00 | OK | |||
r-release-macos-x86_64 | 0.1.0 | 96.00 | OK | |||
r-release-windows-x86_64 | 0.1.0 | 6.00 | 116.00 | 122.00 | NOTE | |
r-oldrel-macos-arm64 | 0.1.0 | 50.00 | OK | |||
r-oldrel-macos-x86_64 | 0.1.0 | 83.00 | OK | |||
r-oldrel-windows-x86_64 | 0.1.0 | 7.00 | 150.00 | 157.00 | OK |
Version: 0.1.0
Check: CRAN incoming feasibility
Result: NOTE
Maintainer: ‘Hanne Oberman <h.i.oberman@uu.nl>’
The BugReports field in DESCRIPTION has
https://github.com/amices/ggmice
which should likely be
https://github.com/amices/ggmice/issues
instead.
Flavors: r-devel-linux-x86_64-debian-clang, r-devel-linux-x86_64-debian-gcc
Version: 0.1.0
Check: Rd cross-references
Result: NOTE
Found the following Rd file(s) with Rd \link{} targets missing package
anchors:
theme_mice.Rd: mice, ggplot2
theme_minimice.Rd: mice, ggplot2
Please provide package anchors for all Rd \link{} targets not in the
package itself and the base packages.
Flavors: r-devel-linux-x86_64-debian-clang, r-devel-linux-x86_64-debian-gcc, r-devel-windows-x86_64, r-patched-linux-x86_64, r-release-linux-x86_64, r-release-windows-x86_64