CRAN Package Check Results for Package ggcorrplot

Last updated on 2025-07-28 16:49:59 CEST.

Flavor Version Tinstall Tcheck Ttotal Status Flags
r-devel-linux-x86_64-debian-clang 0.1.4.1 5.04 47.19 52.23 NOTE
r-devel-linux-x86_64-debian-gcc 0.1.4.1 3.13 34.71 37.84 NOTE
r-devel-linux-x86_64-fedora-clang 0.1.4.1 77.06 OK
r-devel-linux-x86_64-fedora-gcc 0.1.4.1 71.89 OK
r-devel-windows-x86_64 0.1.4.1 7.00 65.00 72.00 OK
r-patched-linux-x86_64 0.1.4.1 4.44 43.14 47.58 OK
r-release-linux-x86_64 0.1.4.1 4.58 43.33 47.91 OK
r-release-macos-arm64 0.1.4.1 27.00 OK
r-release-macos-x86_64 0.1.4.1 45.00 OK
r-release-windows-x86_64 0.1.4.1 7.00 60.00 67.00 OK
r-oldrel-macos-arm64 0.1.4.1 24.00 OK
r-oldrel-macos-x86_64 0.1.4.1 35.00 OK
r-oldrel-windows-x86_64 0.1.4.1 8.00 72.00 80.00 OK

Check Details

Version: 0.1.4.1
Check: DESCRIPTION meta-information
Result: NOTE Author field differs from that derived from Authors@R Author: ‘Alboukadel Kassambara [aut, cre], Indrajeet Patil [ctb] (<https://orcid.org/0000-0003-1995-6531>, @patilindrajeets)’ Authors@R: ‘Alboukadel Kassambara [aut, cre], Indrajeet Patil [ctb] (ORCID: <https://orcid.org/0000-0003-1995-6531>, Twitter: @patilindrajeets)’ Flavors: r-devel-linux-x86_64-debian-clang, r-devel-linux-x86_64-debian-gcc