Last updated on 2024-05-03 01:51:20 CEST.
Flavor | Version | Tinstall | Tcheck | Ttotal | Status | Flags |
---|---|---|---|---|---|---|
r-devel-linux-x86_64-debian-clang | 0.0.31 | 9.76 | 102.57 | 112.33 | NOTE | |
r-devel-linux-x86_64-debian-gcc | 0.0.31 | 6.25 | 74.21 | 80.46 | NOTE | |
r-devel-linux-x86_64-fedora-clang | 0.0.31 | 141.30 | NOTE | |||
r-devel-linux-x86_64-fedora-gcc | 0.0.31 | 141.06 | NOTE | |||
r-devel-windows-x86_64 | 0.0.31 | 8.00 | 107.00 | 115.00 | NOTE | |
r-patched-linux-x86_64 | 0.0.31 | 11.97 | 94.77 | 106.74 | NOTE | |
r-release-linux-x86_64 | 0.0.31 | 6.34 | 95.78 | 102.12 | NOTE | |
r-release-macos-arm64 | 0.0.31 | 44.00 | NOTE | |||
r-release-windows-x86_64 | 0.0.31 | 10.00 | 104.00 | 114.00 | NOTE | |
r-oldrel-macos-arm64 | 0.0.31 | 46.00 | NOTE | |||
r-oldrel-macos-x86_64 | 0.0.31 | 70.00 | NOTE | |||
r-oldrel-windows-x86_64 | 0.0.31 | 10.00 | 124.00 | 134.00 | NOTE |
Version: 0.0.31
Check: LazyData
Result: NOTE
'LazyData' is specified without a 'data' directory
Flavors: r-devel-linux-x86_64-debian-clang, r-devel-linux-x86_64-debian-gcc, r-devel-linux-x86_64-fedora-clang, r-devel-linux-x86_64-fedora-gcc, r-devel-windows-x86_64, r-patched-linux-x86_64, r-release-linux-x86_64, r-release-macos-arm64, r-release-windows-x86_64, r-oldrel-macos-arm64, r-oldrel-macos-x86_64, r-oldrel-windows-x86_64