Last updated on 2024-05-10 00:55:02 CEST.
Flavor | Version | Tinstall | Tcheck | Ttotal | Status | Flags |
---|---|---|---|---|---|---|
r-devel-linux-x86_64-debian-clang | 0.1.3 | 1.91 | 45.39 | 47.30 | OK | |
r-devel-linux-x86_64-debian-gcc | 0.1.3 | 1.37 | 33.41 | 34.78 | OK | |
r-devel-linux-x86_64-fedora-clang | 0.1.3 | 62.40 | OK | |||
r-devel-linux-x86_64-fedora-gcc | 0.1.3 | 69.94 | OK | |||
r-devel-windows-x86_64 | 0.1.3 | 5.00 | 57.00 | 62.00 | OK | |
r-patched-linux-x86_64 | 0.1.3 | 2.59 | 43.34 | 45.93 | OK | |
r-release-linux-x86_64 | 0.1.3 | 2.38 | 42.59 | 44.97 | OK | |
r-release-macos-arm64 | 0.1.3 | 28.00 | OK | |||
r-release-macos-x86_64 | 0.1.3 | 33.00 | ERROR | |||
r-release-windows-x86_64 | 0.1.3 | 4.00 | 57.00 | 61.00 | OK | |
r-oldrel-macos-arm64 | 0.1.3 | 33.00 | OK | |||
r-oldrel-macos-x86_64 | 0.1.3 | 33.00 | OK | |||
r-oldrel-windows-x86_64 | 0.1.3 | 6.00 | 60.00 | 66.00 | OK |
Version: 0.1.3
Check: package dependencies
Result: NOTE
Packages suggested but not available for checking:
'covr', 'pkgload', 'testthat', 'tibble', 'withr'
Flavor: r-release-macos-x86_64
Version: 0.1.3
Check: Rd cross-references
Result: NOTE
Package unavailable to check Rd xrefs: ‘tibble’
Flavor: r-release-macos-x86_64
Version: 0.1.3
Check: tests
Result: ERROR
Running ‘testthat.R’ [0s/0s]
Running the tests in ‘tests/testthat.R’ failed.
Complete output:
> library(testthat)
Error in library(testthat) : there is no package called 'testthat'
Execution halted
Flavor: r-release-macos-x86_64