CRAN Package Check Results for Package geeasy

Last updated on 2025-07-05 18:49:10 CEST.

Flavor Version Tinstall Tcheck Ttotal Status Flags
r-devel-linux-x86_64-debian-clang 0.1.2 13.25 103.01 116.26 NOTE
r-devel-linux-x86_64-debian-gcc 0.1.2 9.23 71.58 80.81 NOTE
r-devel-linux-x86_64-fedora-clang 0.1.2 180.65 OK
r-devel-linux-x86_64-fedora-gcc 0.1.2 170.34 OK
r-devel-windows-x86_64 0.1.2 14.00 100.00 114.00 NOTE
r-patched-linux-x86_64 0.1.2 11.59 96.16 107.75 NOTE
r-release-linux-x86_64 0.1.2 12.85 96.05 108.90 NOTE
r-release-macos-arm64 0.1.2 48.00 OK
r-release-macos-x86_64 0.1.2 87.00 OK
r-release-windows-x86_64 0.1.2 14.00 101.00 115.00 NOTE
r-oldrel-macos-arm64 0.1.2 46.00 OK
r-oldrel-macos-x86_64 0.1.2 68.00 OK
r-oldrel-windows-x86_64 0.1.2 19.00 129.00 148.00 OK

Check Details

Version: 0.1.2
Check: Rd cross-references
Result: NOTE Found the following Rd file(s) with Rd \link{} targets missing package anchors: geelm.Rd: geese Please provide package anchors for all Rd \link{} targets not in the package itself and the base packages. Flavors: r-devel-linux-x86_64-debian-clang, r-devel-linux-x86_64-debian-gcc, r-devel-windows-x86_64, r-patched-linux-x86_64, r-release-linux-x86_64, r-release-windows-x86_64