Last updated on 2024-03-28 21:50:16 CET.
Flavor | Version | Tinstall | Tcheck | Ttotal | Status | Flags |
---|---|---|---|---|---|---|
r-devel-linux-x86_64-debian-clang | 4.13-26 | 12.30 | 24.49 | 36.79 | OK | |
r-devel-linux-x86_64-debian-gcc | 4.13-26 | 4.07 | 19.24 | 23.31 | OK | |
r-devel-linux-x86_64-fedora-clang | 4.13-26 | 45.97 | OK | |||
r-devel-linux-x86_64-fedora-gcc | 4.13-26 | 36.72 | OK | |||
r-devel-windows-x86_64 | 4.13-26 | 8.00 | 44.00 | 52.00 | WARN | |
r-patched-linux-x86_64 | 4.13-26 | 5.20 | 23.79 | 28.99 | OK | |
r-release-linux-x86_64 | 4.13-26 | 4.69 | 23.77 | 28.46 | OK | |
r-release-macos-arm64 | 4.13-26 | 35.00 | OK | |||
r-release-macos-x86_64 | 4.13-26 | 64.00 | OK | |||
r-release-windows-x86_64 | 4.13-26 | 8.00 | 44.00 | 52.00 | OK | |
r-oldrel-macos-arm64 | 4.13-26 | 38.00 | OK | |||
r-oldrel-windows-x86_64 | 4.13-26 | 8.00 | 49.00 | 57.00 | OK |
Version: 4.13-26
Check: whether package can be installed
Result: WARN
Found the following significant warnings:
ugee.c:813:54: warning: format '%lu' expects argument of type 'long unsigned int', but argument 2 has type 'long long unsigned int' [-Wformat=]
See 'd:/Rcompile/CRANpkg/local/4.4/gee.Rcheck/00install.out' for details.
* used C compiler: 'gcc.exe (GCC) 13.2.0'
* used Fortran compiler: 'GNU Fortran (GCC) 13.2.0'
Flavor: r-devel-windows-x86_64