Last updated on 2024-05-10 00:55:02 CEST.
Flavor | Version | Tinstall | Tcheck | Ttotal | Status | Flags |
---|---|---|---|---|---|---|
r-devel-linux-x86_64-debian-clang | 1.0.0 | 55.93 | 518.73 | 574.66 | OK | |
r-devel-linux-x86_64-debian-gcc | 1.0.0 | 48.07 | 365.71 | 413.78 | OK | |
r-devel-linux-x86_64-fedora-clang | 1.0.0 | 743.71 | NOTE | |||
r-devel-linux-x86_64-fedora-gcc | 1.0.0 | 830.49 | OK | |||
r-devel-windows-x86_64 | 1.0.0 | 45.00 | 305.00 | 350.00 | OK | |
r-patched-linux-x86_64 | 1.0.0 | 53.13 | 484.52 | 537.65 | OK | |
r-release-linux-x86_64 | 1.0.0 | 46.92 | 480.48 | 527.40 | OK | |
r-release-macos-arm64 | 1.0.0 | 154.00 | OK | |||
r-release-windows-x86_64 | 1.0.0 | 46.00 | 309.00 | 355.00 | OK | |
r-oldrel-macos-arm64 | 1.0.0 | 144.00 | OK | |||
r-oldrel-macos-x86_64 | 1.0.0 | 466.00 | OK | |||
r-oldrel-windows-x86_64 | 1.0.0 | 62.00 | 449.00 | 511.00 | OK |
Version: 1.0.0
Check: Rd cross-references
Result: NOTE
Undeclared packages ‘palmerpenguins’, ‘readxl’ in Rd xrefs
Flavor: r-devel-linux-x86_64-fedora-clang