Last updated on 2025-05-23 06:49:51 CEST.
Flavor | Version | Tinstall | Tcheck | Ttotal | Status | Flags |
---|---|---|---|---|---|---|
r-devel-linux-x86_64-debian-clang | 0.1.1 | 1.65 | 16.28 | 17.93 | NOTE | |
r-devel-linux-x86_64-debian-gcc | 0.1.1 | 1.33 | 13.81 | 15.14 | NOTE | |
r-devel-linux-x86_64-fedora-clang | 0.1.1 | 27.78 | OK | |||
r-devel-linux-x86_64-fedora-gcc | 0.1.1 | 26.20 | OK | |||
r-devel-windows-x86_64 | 0.1.1 | 3.00 | 43.00 | 46.00 | OK | |
r-patched-linux-x86_64 | 0.1.1 | 1.63 | 15.47 | 17.10 | OK | |
r-release-linux-x86_64 | 0.1.1 | 1.51 | 15.40 | 16.91 | OK | |
r-release-macos-arm64 | 0.1.1 | 14.00 | OK | |||
r-release-macos-x86_64 | 0.1.1 | 27.00 | OK | |||
r-release-windows-x86_64 | 0.1.1 | 3.00 | 39.00 | 42.00 | OK | |
r-oldrel-macos-arm64 | 0.1.1 | 14.00 | OK | |||
r-oldrel-macos-x86_64 | 0.1.1 | 18.00 | OK | |||
r-oldrel-windows-x86_64 | 0.1.1 | 3.00 | 34.00 | 37.00 | OK |
Version: 0.1.1
Check: CRAN incoming feasibility
Result: NOTE
Maintainer: ‘Partha Sarathi Bishnu <psbishnu@gmail.com>’
No Authors@R field in DESCRIPTION.
Please add one, modifying
Authors@R: person(given = c("Partha", "Sarathi"),
family = "Bishnu",
role = c("aut", "cre"),
email = "psbishnu@gmail.com")
as necessary.
Flavors: r-devel-linux-x86_64-debian-clang, r-devel-linux-x86_64-debian-gcc