CRAN Package Check Results for Package gdiff

Last updated on 2025-05-24 21:50:42 CEST.

Flavor Version Tinstall Tcheck Ttotal Status Flags
r-devel-linux-x86_64-debian-clang 0.2-5 3.20 27.75 30.95 NOTE
r-devel-linux-x86_64-debian-gcc 0.2-5 2.33 22.89 25.22 NOTE
r-devel-linux-x86_64-fedora-clang 0.2-5 47.31 OK
r-devel-linux-x86_64-fedora-gcc 0.2-5 45.31 OK
r-devel-windows-x86_64 0.2-5 5.00 94.00 99.00 OK
r-patched-linux-x86_64 0.2-5 3.23 26.69 29.92 OK
r-release-linux-x86_64 0.2-5 3.11 26.66 29.77 OK
r-release-macos-arm64 0.2-5 22.00 OK
r-release-macos-x86_64 0.2-5 35.00 OK
r-release-windows-x86_64 0.2-5 5.00 51.00 56.00 OK
r-oldrel-macos-arm64 0.2-5 20.00 OK
r-oldrel-macos-x86_64 0.2-5 35.00 OK
r-oldrel-windows-x86_64 0.2-5 5.00 54.00 59.00 OK

Check Details

Version: 0.2-5
Check: CRAN incoming feasibility
Result: NOTE Maintainer: ‘Paul Murrell <paul@stat.auckland.ac.nz>’ No Authors@R field in DESCRIPTION. Please add one, modifying Authors@R: person(given = "Paul", family = "Murrell", role = c("aut", "cre"), email = "paul@stat.auckland.ac.nz") as necessary. Flavors: r-devel-linux-x86_64-debian-clang, r-devel-linux-x86_64-debian-gcc