Last updated on 2024-04-30 19:50:43 CEST.
Flavor | Version | Tinstall | Tcheck | Ttotal | Status | Flags |
---|---|---|---|---|---|---|
r-devel-linux-x86_64-debian-clang | 1.6 | 900.94 | 124.95 | 1025.89 | OK | |
r-devel-linux-x86_64-debian-gcc | 1.6 | 713.18 | 128.53 | 841.71 | OK | |
r-devel-linux-x86_64-fedora-clang | 1.6 | 1465.43 | NOTE | |||
r-devel-linux-x86_64-fedora-gcc | 1.6 | 1681.32 | OK | |||
r-devel-windows-x86_64 | 1.6 | 637.00 | 197.00 | 834.00 | NOTE | |
r-patched-linux-x86_64 | 1.6 | 886.80 | 164.39 | 1051.19 | OK | |
r-release-linux-x86_64 | 1.6 | 903.85 | 167.02 | 1070.87 | OK | |
r-release-macos-arm64 | 1.6 | 244.00 | NOTE | |||
r-release-windows-x86_64 | 1.6 | 659.00 | 193.00 | 852.00 | NOTE | |
r-oldrel-macos-arm64 | 1.6 | 279.00 | NOTE | |||
r-oldrel-macos-x86_64 | 1.6 | 318.00 | NOTE | |||
r-oldrel-windows-x86_64 | 1.6 | 798.00 | 220.00 | 1018.00 | NOTE |
Version: 1.6
Check: installed package size
Result: NOTE
installed size is 5.5Mb
sub-directories of 1Mb or more:
extdata 1.6Mb
libs 1.9Mb
Flavors: r-devel-linux-x86_64-fedora-clang, r-devel-windows-x86_64, r-release-macos-arm64, r-release-windows-x86_64, r-oldrel-macos-arm64, r-oldrel-macos-x86_64, r-oldrel-windows-x86_64