Last updated on 2025-05-23 15:49:16 CEST.
Flavor | Version | Tinstall | Tcheck | Ttotal | Status | Flags |
---|---|---|---|---|---|---|
r-devel-linux-x86_64-debian-clang | 3.0.5 | 60.28 | 61.81 | 122.09 | OK | |
r-devel-linux-x86_64-debian-gcc | 3.0.5 | 50.21 | 44.03 | 94.24 | OK | |
r-devel-linux-x86_64-fedora-clang | 3.0.5 | 210.39 | OK | |||
r-devel-linux-x86_64-fedora-gcc | 3.0.5 | 242.66 | OK | |||
r-devel-windows-x86_64 | 3.0.5 | 82.00 | 145.00 | 227.00 | OK | |
r-patched-linux-x86_64 | 3.0.5 | 68.62 | 58.67 | 127.29 | OK | |
r-release-linux-x86_64 | 3.0.5 | 69.28 | 59.24 | 128.52 | OK | |
r-release-macos-arm64 | 3.0.5 | 67.00 | OK | |||
r-release-macos-x86_64 | 3.0.5 | 98.00 | OK | |||
r-release-windows-x86_64 | 3.0.5 | 84.00 | 145.00 | 229.00 | OK | |
r-oldrel-macos-arm64 | 3.0.5 | 65.00 | NOTE | |||
r-oldrel-macos-x86_64 | 3.0.5 | 109.00 | NOTE | |||
r-oldrel-windows-x86_64 | 3.0.4 | 82.00 | 127.00 | 209.00 | OK |
Version: 3.0.5
Check: installed package size
Result: NOTE
installed size is 6.9Mb
sub-directories of 1Mb or more:
libs 6.3Mb
Flavors: r-oldrel-macos-arm64, r-oldrel-macos-x86_64