Last updated on 2025-10-31 22:49:58 CET.
| Flavor | Version | Tinstall | Tcheck | Ttotal | Status | Flags | 
|---|---|---|---|---|---|---|
| r-devel-linux-x86_64-debian-clang | 0.2.2 | 1.81 | 40.85 | 42.66 | OK | |
| r-devel-linux-x86_64-debian-gcc | 0.2.2 | 1.32 | 28.62 | 29.94 | OK | |
| r-devel-linux-x86_64-fedora-clang | 0.2.2 | 64.28 | OK | |||
| r-devel-linux-x86_64-fedora-gcc | 0.2.2 | 75.26 | OK | |||
| r-devel-windows-x86_64 | 0.2.2 | 4.00 | 55.00 | 59.00 | OK | |
| r-patched-linux-x86_64 | 0.2.2 | 1.95 | 37.16 | 39.11 | OK | |
| r-release-linux-x86_64 | 0.2.2 | 1.79 | 37.46 | 39.25 | OK | |
| r-release-macos-arm64 | 0.2.2 | 2.00 | 35.00 | 37.00 | OK | |
| r-release-macos-x86_64 | 0.2.2 | 2.00 | 61.00 | 63.00 | OK | |
| r-release-windows-x86_64 | 0.2.2 | 4.00 | 57.00 | 61.00 | OK | |
| r-oldrel-macos-arm64 | 0.2.2 | 1.00 | 25.00 | 26.00 | NOTE | |
| r-oldrel-macos-x86_64 | 0.2.2 | 2.00 | 40.00 | 42.00 | NOTE | |
| r-oldrel-windows-x86_64 | 0.2.2 | 4.00 | 71.00 | 75.00 | NOTE | 
Version: 0.2.2
Check: LazyData
Result: NOTE
    'LazyData' is specified without a 'data' directory
Flavors: r-oldrel-macos-arm64, r-oldrel-macos-x86_64, r-oldrel-windows-x86_64