CRAN Package Check Results for Package frequentdirections

Last updated on 2025-05-28 23:50:21 CEST.

Flavor Version Tinstall Tcheck Ttotal Status Flags
r-devel-linux-x86_64-debian-clang 0.1.0 1.42 22.31 23.73 OK
r-devel-linux-x86_64-debian-gcc 0.1.0 1.29 18.15 19.44 OK
r-devel-linux-x86_64-fedora-clang 0.1.0 35.66 OK
r-devel-linux-x86_64-fedora-gcc 0.1.0 34.34 OK
r-devel-windows-x86_64 0.1.0 4.00 42.00 46.00 OK
r-patched-linux-x86_64 0.1.0 1.25 20.40 21.65 OK
r-release-linux-x86_64 0.1.0 1.64 20.19 21.83 OK
r-release-macos-arm64 0.1.0 25.00 OK
r-release-macos-x86_64 0.1.0 26.00 OK
r-release-windows-x86_64 0.1.0 3.00 42.00 45.00 OK
r-oldrel-macos-arm64 0.1.0 16.00 NOTE
r-oldrel-macos-x86_64 0.1.0 24.00 NOTE
r-oldrel-windows-x86_64 0.1.0 4.00 47.00 51.00 NOTE

Check Details

Version: 0.1.0
Check: LazyData
Result: NOTE 'LazyData' is specified without a 'data' directory Flavors: r-oldrel-macos-arm64, r-oldrel-macos-x86_64, r-oldrel-windows-x86_64