Last updated on 2025-11-01 17:48:33 CET.
| Flavor | Version | Tinstall | Tcheck | Ttotal | Status | Flags |
|---|---|---|---|---|---|---|
| r-devel-linux-x86_64-debian-clang | 8.24.0 | 85.59 | 345.93 | 431.52 | OK | |
| r-devel-linux-x86_64-debian-gcc | 8.24.0 | 57.04 | 223.44 | 280.48 | OK | |
| r-devel-linux-x86_64-fedora-clang | 8.24.0 | 213.00 | 557.80 | 770.80 | OK | |
| r-devel-linux-x86_64-fedora-gcc | 8.24.0 | 198.00 | 489.02 | 687.02 | OK | |
| r-devel-windows-x86_64 | 8.24.0 | 103.00 | 369.00 | 472.00 | OK | |
| r-patched-linux-x86_64 | 8.24.0 | 89.18 | 326.28 | 415.46 | OK | |
| r-release-linux-x86_64 | 8.24.0 | 87.39 | 328.23 | 415.62 | OK | |
| r-release-macos-arm64 | 8.24.0 | 33.00 | 132.00 | 165.00 | OK | |
| r-release-macos-x86_64 | 8.24.0 | 46.00 | 399.00 | 445.00 | OK | |
| r-release-windows-x86_64 | 8.24.0 | 106.00 | 375.00 | 481.00 | OK | |
| r-oldrel-macos-arm64 | 8.24.0 | 30.00 | 135.00 | 165.00 | NOTE | |
| r-oldrel-macos-x86_64 | 8.24.0 | 48.00 | 373.00 | 421.00 | NOTE | |
| r-oldrel-windows-x86_64 | 8.24.0 | 129.00 | 487.00 | 616.00 | OK |
Version: 8.24.0
Check: installed package size
Result: NOTE
installed size is 5.1Mb
sub-directories of 1Mb or more:
libs 3.5Mb
Flavors: r-oldrel-macos-arm64, r-oldrel-macos-x86_64