Last updated on 2024-03-29 04:54:34 CET.
Flavor | Version | Tinstall | Tcheck | Ttotal | Status | Flags |
---|---|---|---|---|---|---|
r-devel-linux-x86_64-debian-clang | 8.22.0 | 141.77 | 417.87 | 559.64 | OK | |
r-devel-linux-x86_64-debian-gcc | 8.22.0 | 114.29 | 301.32 | 415.61 | OK | |
r-devel-linux-x86_64-fedora-clang | 8.22.0 | 717.25 | OK | |||
r-devel-linux-x86_64-fedora-gcc | 8.22.0 | 742.21 | OK | |||
r-devel-windows-x86_64 | 8.22.0 | 117.00 | 362.00 | 479.00 | OK | |
r-patched-linux-x86_64 | 8.22.0 | 155.39 | 409.74 | 565.13 | OK | |
r-release-linux-x86_64 | 8.22.0 | 128.48 | 407.93 | 536.41 | OK | |
r-release-macos-arm64 | 8.22.0 | 160.00 | OK | |||
r-release-macos-x86_64 | 8.22.0 | 351.00 | NOTE | |||
r-release-windows-x86_64 | 8.22.0 | 143.00 | 441.00 | 584.00 | OK | |
r-oldrel-macos-arm64 | 8.22.0 | 155.00 | OK | |||
r-oldrel-windows-x86_64 | 8.22.0 | 139.00 | 418.00 | 557.00 | OK |
Version: 8.22.0
Check: installed package size
Result: NOTE
installed size is 5.1Mb
sub-directories of 1Mb or more:
libs 3.4Mb
Flavor: r-release-macos-x86_64