CRAN Package Check Results for Package fontquiver

Last updated on 2025-05-23 22:51:19 CEST.

Flavor Version Tinstall Tcheck Ttotal Status Flags
r-devel-linux-x86_64-debian-clang 0.2.1 2.03 21.29 23.32 OK
r-devel-linux-x86_64-debian-gcc 0.2.1 1.67 17.06 18.73 OK
r-devel-linux-x86_64-fedora-clang 0.2.1 36.58 OK
r-devel-linux-x86_64-fedora-gcc 0.2.1 34.64 OK
r-devel-windows-x86_64 0.2.1 3.00 89.00 92.00 OK
r-patched-linux-x86_64 0.2.1 2.51 20.66 23.17 OK
r-release-linux-x86_64 0.2.1 2.28 20.36 22.64 OK
r-release-macos-arm64 0.2.1 20.00 OK
r-release-macos-x86_64 0.2.1 26.00 OK
r-release-windows-x86_64 0.2.1 4.00 70.00 74.00 OK
r-oldrel-macos-arm64 0.2.1 17.00 NOTE
r-oldrel-macos-x86_64 0.2.1 26.00 NOTE
r-oldrel-windows-x86_64 0.2.1 4.00 46.00 50.00 NOTE

Check Details

Version: 0.2.1
Check: LazyData
Result: NOTE 'LazyData' is specified without a 'data' directory Flavors: r-oldrel-macos-arm64, r-oldrel-macos-x86_64, r-oldrel-windows-x86_64