Last updated on 2024-05-13 06:52:01 CEST.
Flavor | Version | Tinstall | Tcheck | Ttotal | Status | Flags |
---|---|---|---|---|---|---|
r-devel-linux-x86_64-debian-clang | 1.4.0 | 2.45 | 29.36 | 31.81 | OK | |
r-devel-linux-x86_64-debian-gcc | 1.4.0 | 2.47 | 22.46 | 24.93 | OK | |
r-devel-linux-x86_64-fedora-clang | 1.4.0 | 42.12 | NOTE | |||
r-devel-linux-x86_64-fedora-gcc | 1.4.0 | 43.92 | NOTE | |||
r-devel-windows-x86_64 | 1.4.0 | 4.00 | 51.00 | 55.00 | OK | |
r-patched-linux-x86_64 | 1.4.0 | 4.05 | 27.68 | 31.73 | OK | |
r-release-linux-x86_64 | 1.4.0 | 2.52 | 28.34 | 30.86 | OK | |
r-release-macos-arm64 | 1.4.0 | 17.00 | OK | |||
r-release-macos-x86_64 | 1.4.0 | 39.00 | OK | |||
r-release-windows-x86_64 | 1.4.0 | 4.00 | 50.00 | 54.00 | OK | |
r-oldrel-macos-arm64 | 1.4.0 | 21.00 | OK | |||
r-oldrel-macos-x86_64 | 1.4.0 | 36.00 | OK | |||
r-oldrel-windows-x86_64 | 1.4.0 | 6.00 | 51.00 | 57.00 | OK |
Version: 1.4.0
Check: data for non-ASCII characters
Result: NOTE
Note: found 446 marked UTF-8 strings
Flavors: r-devel-linux-x86_64-fedora-clang, r-devel-linux-x86_64-fedora-gcc