Last updated on 2024-05-05 18:53:37 CEST.
Flavor | Version | Tinstall | Tcheck | Ttotal | Status | Flags |
---|---|---|---|---|---|---|
r-devel-linux-x86_64-debian-clang | 0.3.4 | 44.91 | 72.28 | 117.19 | OK | |
r-devel-linux-x86_64-debian-gcc | 0.3.4 | 39.17 | 56.12 | 95.29 | OK | |
r-devel-linux-x86_64-fedora-clang | 0.3.4 | 154.54 | NOTE | |||
r-devel-linux-x86_64-fedora-gcc | 0.3.4 | 145.86 | OK | |||
r-devel-windows-x86_64 | 0.3.4 | 44.00 | 74.00 | 118.00 | NOTE | |
r-patched-linux-x86_64 | 0.3.4 | 40.99 | 67.55 | 108.54 | OK | |
r-release-linux-x86_64 | 0.3.4 | 41.60 | 69.95 | 111.55 | OK | |
r-release-macos-arm64 | 0.3.4 | 56.00 | NOTE | |||
r-release-windows-x86_64 | 0.3.4 | 45.00 | 75.00 | 120.00 | NOTE | |
r-oldrel-macos-arm64 | 0.3.4 | 66.00 | NOTE | |||
r-oldrel-macos-x86_64 | 0.3.4 | 85.00 | NOTE | |||
r-oldrel-windows-x86_64 | 0.3.4 | 50.00 | 82.00 | 132.00 | NOTE |
Version: 0.3.4
Check: installed package size
Result: NOTE
installed size is 7.2Mb
sub-directories of 1Mb or more:
R 7.0Mb
Flavors: r-devel-linux-x86_64-fedora-clang, r-devel-windows-x86_64, r-release-macos-arm64, r-release-windows-x86_64, r-oldrel-macos-arm64, r-oldrel-macos-x86_64, r-oldrel-windows-x86_64