Last updated on 2024-05-13 09:50:44 CEST.
Flavor | Version | Tinstall | Tcheck | Ttotal | Status | Flags |
---|---|---|---|---|---|---|
r-devel-linux-x86_64-debian-clang | 0.1.0 | 6.46 | 50.67 | 57.13 | OK | |
r-devel-linux-x86_64-debian-gcc | 0.1.0 | 4.61 | 37.71 | 42.32 | OK | |
r-devel-linux-x86_64-fedora-clang | 0.1.0 | 71.67 | NOTE | |||
r-devel-linux-x86_64-fedora-gcc | 0.1.0 | 99.75 | NOTE | |||
r-devel-windows-x86_64 | 0.1.0 | 8.00 | 58.00 | 66.00 | OK | |
r-patched-linux-x86_64 | 0.1.0 | 4.19 | 47.19 | 51.38 | OK | |
r-release-linux-x86_64 | 0.1.0 | 4.39 | 48.19 | 52.58 | OK | |
r-release-macos-arm64 | 0.1.0 | 25.00 | OK | |||
r-release-windows-x86_64 | 0.1.0 | 8.00 | 58.00 | 66.00 | OK | |
r-oldrel-macos-arm64 | 0.1.0 | 26.00 | OK | |||
r-oldrel-macos-x86_64 | 0.1.0 | 36.00 | OK | |||
r-oldrel-windows-x86_64 | 0.1.0 | 8.00 | 64.00 | 72.00 | OK |
Version: 0.1.0
Check: data for non-ASCII characters
Result: NOTE
Note: found 710 marked UTF-8 strings
Flavors: r-devel-linux-x86_64-fedora-clang, r-devel-linux-x86_64-fedora-gcc