Last updated on 2024-05-10 00:55:01 CEST.
Flavor | Version | Tinstall | Tcheck | Ttotal | Status | Flags |
---|---|---|---|---|---|---|
r-devel-linux-x86_64-debian-clang | 1.1 | 4.00 | 62.16 | 66.16 | NOTE | |
r-devel-linux-x86_64-debian-gcc | 1.1 | 4.06 | 43.66 | 47.72 | NOTE | |
r-devel-linux-x86_64-fedora-clang | 1.1 | 84.06 | NOTE | |||
r-devel-linux-x86_64-fedora-gcc | 1.1 | 96.80 | NOTE | |||
r-devel-windows-x86_64 | 1.1 | 5.00 | 64.00 | 69.00 | NOTE | |
r-patched-linux-x86_64 | 1.1 | 4.18 | 56.76 | 60.94 | NOTE | |
r-release-linux-x86_64 | 1.1 | 4.61 | 57.21 | 61.82 | NOTE | |
r-release-macos-arm64 | 1.1 | 30.00 | NOTE | |||
r-release-windows-x86_64 | 1.1 | 6.00 | 63.00 | 69.00 | NOTE | |
r-oldrel-macos-arm64 | 1.1 | 33.00 | OK | |||
r-oldrel-macos-x86_64 | 1.1 | 52.00 | OK | |||
r-oldrel-windows-x86_64 | 1.1 | 4.00 | 67.00 | 71.00 | OK |
Version: 1.1
Check: Rd files
Result: NOTE
checkRd: (-1) fmp.Rd:45: Lost braces; missing escapes or markup?
45 | If k = 0: (xi_1, ..., x_{C_i - 1}, omega)
| ^
checkRd: (-1) fmp.Rd:47: Lost braces; missing escapes or markup?
47 | If k = 1: (xi_1, ..., x_{C_i - 1}, omega, alpha1, tau1)
| ^
checkRd: (-1) fmp.Rd:49: Lost braces; missing escapes or markup?
49 | If k = 2: (xi_1, ..., x_{C_i - 1}, omega, alpha1, tau1, alpha2, tau2)
| ^
Flavors: r-devel-linux-x86_64-debian-clang, r-devel-linux-x86_64-debian-gcc, r-devel-linux-x86_64-fedora-clang, r-devel-linux-x86_64-fedora-gcc, r-devel-windows-x86_64, r-patched-linux-x86_64, r-release-linux-x86_64, r-release-macos-arm64, r-release-windows-x86_64