Last updated on 2025-10-31 20:48:39 CET.
| Flavor | Version | Tinstall | Tcheck | Ttotal | Status | Flags | 
|---|---|---|---|---|---|---|
| r-devel-linux-x86_64-debian-clang | 0.1.1 | 1.56 | 18.65 | 20.21 | OK | |
| r-devel-linux-x86_64-debian-gcc | 0.1.1 | 1.19 | 15.60 | 16.79 | OK | |
| r-devel-linux-x86_64-fedora-clang | 0.1.1 | 30.88 | OK | |||
| r-devel-linux-x86_64-fedora-gcc | 0.1.1 | 27.78 | OK | |||
| r-devel-windows-x86_64 | 0.1.1 | 3.00 | 38.00 | 41.00 | OK | |
| r-patched-linux-x86_64 | 0.1.1 | 1.52 | 17.72 | 19.24 | OK | |
| r-release-linux-x86_64 | 0.1.1 | 1.57 | 17.54 | 19.11 | OK | |
| r-release-macos-arm64 | 0.1.1 | 1.00 | 15.00 | 16.00 | OK | |
| r-release-macos-x86_64 | 0.1.1 | 1.00 | 20.00 | 21.00 | OK | |
| r-release-windows-x86_64 | 0.1.1 | 3.00 | 43.00 | 46.00 | OK | |
| r-oldrel-macos-arm64 | 0.1.1 | 1.00 | 14.00 | 15.00 | NOTE | |
| r-oldrel-macos-x86_64 | 0.1.1 | 1.00 | 18.00 | 19.00 | NOTE | |
| r-oldrel-windows-x86_64 | 0.1.1 | 3.00 | 39.00 | 42.00 | NOTE | 
Version: 0.1.1
Check: LazyData
Result: NOTE
    'LazyData' is specified without a 'data' directory
Flavors: r-oldrel-macos-arm64, r-oldrel-macos-x86_64, r-oldrel-windows-x86_64