Last updated on 2024-05-06 01:48:21 CEST.
Flavor | Version | Tinstall | Tcheck | Ttotal | Status | Flags |
---|---|---|---|---|---|---|
r-devel-linux-x86_64-debian-clang | 1.1 | 46.83 | 181.72 | 228.55 | OK | |
r-devel-linux-x86_64-debian-gcc | 1.1 | 36.78 | 134.85 | 171.63 | OK | |
r-devel-linux-x86_64-fedora-clang | 1.1 | 303.95 | NOTE | |||
r-devel-linux-x86_64-fedora-gcc | 1.1 | 287.01 | NOTE | |||
r-devel-windows-x86_64 | 1.1 | 37.00 | 133.00 | 170.00 | OK | |
r-patched-linux-x86_64 | 1.1 | 41.09 | 174.79 | 215.88 | OK | |
r-release-linux-x86_64 | 1.1 | 41.05 | 174.10 | 215.15 | OK | |
r-release-macos-arm64 | 1.1 | 112.00 | OK | |||
r-release-windows-x86_64 | 1.1 | 38.00 | 201.00 | 239.00 | OK | |
r-oldrel-macos-arm64 | 1.1 | 84.00 | OK | |||
r-oldrel-macos-x86_64 | 1.1 | 129.00 | OK | |||
r-oldrel-windows-x86_64 | 1.1 | 46.00 | 170.00 | 216.00 | OK |
Version: 1.1
Check: dependencies in R code
Result: NOTE
Namespace in Imports field not imported from: ‘RcppProgress’
All declared Imports should be used.
Flavors: r-devel-linux-x86_64-fedora-clang, r-devel-linux-x86_64-fedora-gcc