Last updated on 2025-05-23 19:53:26 CEST.
Flavor | Version | Tinstall | Tcheck | Ttotal | Status | Flags |
---|---|---|---|---|---|---|
r-devel-linux-x86_64-debian-clang | 1.1 | 31.84 | 149.30 | 181.14 | OK | |
r-devel-linux-x86_64-debian-gcc | 1.1 | 23.90 | 112.87 | 136.77 | OK | |
r-devel-linux-x86_64-fedora-clang | 1.1 | 292.13 | NOTE | |||
r-devel-linux-x86_64-fedora-gcc | 1.1 | 263.37 | NOTE | |||
r-devel-windows-x86_64 | 1.1 | 39.00 | 156.00 | 195.00 | OK | |
r-patched-linux-x86_64 | 1.1 | 31.78 | 139.05 | 170.83 | OK | |
r-release-linux-x86_64 | 1.1 | 28.09 | 140.17 | 168.26 | OK | |
r-release-macos-arm64 | 1.1 | 116.00 | OK | |||
r-release-macos-x86_64 | 1.1 | 164.00 | OK | |||
r-release-windows-x86_64 | 1.1 | 35.00 | 191.00 | 226.00 | OK | |
r-oldrel-macos-arm64 | 1.1 | 112.00 | OK | |||
r-oldrel-macos-x86_64 | 1.1 | 129.00 | OK | |||
r-oldrel-windows-x86_64 | 1.1 | 43.00 | 181.00 | 224.00 | OK |
Version: 1.1
Check: dependencies in R code
Result: NOTE
Namespace in Imports field not imported from: ‘RcppProgress’
All declared Imports should be used.
Flavors: r-devel-linux-x86_64-fedora-clang, r-devel-linux-x86_64-fedora-gcc