Last updated on 2024-05-21 15:50:23 CEST.
Flavor | Version | Tinstall | Tcheck | Ttotal | Status | Flags |
---|---|---|---|---|---|---|
r-devel-linux-x86_64-debian-clang | 0.1.2 | 4.70 | 53.36 | 58.06 | NOTE | |
r-devel-linux-x86_64-debian-gcc | 0.1.2 | 3.62 | 39.86 | 43.48 | NOTE | |
r-devel-linux-x86_64-fedora-clang | 0.1.2 | 72.76 | NOTE | |||
r-devel-linux-x86_64-fedora-gcc | 0.1.2 | 69.86 | NOTE | |||
r-devel-windows-x86_64 | 0.1.2 | 5.00 | 63.00 | 68.00 | NOTE | |
r-patched-linux-x86_64 | 0.1.2 | 2.90 | 53.13 | 56.03 | NOTE | |
r-release-linux-x86_64 | 0.1.2 | 2.93 | 53.62 | 56.55 | NOTE | |
r-release-macos-arm64 | 0.1.2 | 23.00 | NOTE | |||
r-release-windows-x86_64 | 0.1.2 | 6.00 | 61.00 | 67.00 | NOTE | |
r-oldrel-macos-arm64 | 0.1.2 | 25.00 | NOTE | |||
r-oldrel-macos-x86_64 | 0.1.2 | 59.00 | NOTE | |||
r-oldrel-windows-x86_64 | 0.1.2 | 6.00 | 71.00 | 77.00 | NOTE |
Version: 0.1.2
Check: dependencies in R code
Result: NOTE
Unexported object imported by a ':::' call: ‘fdapace:::interp2lin’
See the note in ?`:::` about the use of this operator.
Flavors: r-devel-linux-x86_64-debian-clang, r-devel-linux-x86_64-debian-gcc, r-devel-linux-x86_64-fedora-clang, r-devel-linux-x86_64-fedora-gcc, r-devel-windows-x86_64, r-patched-linux-x86_64, r-release-linux-x86_64, r-release-macos-arm64, r-release-windows-x86_64, r-oldrel-macos-arm64, r-oldrel-macos-x86_64, r-oldrel-windows-x86_64