Last updated on 2024-05-01 06:55:25 CEST.
Flavor | Version | Tinstall | Tcheck | Ttotal | Status | Flags |
---|---|---|---|---|---|---|
r-devel-linux-x86_64-debian-clang | 0.6.1 | 112.69 | 36.62 | 149.31 | OK | |
r-devel-linux-x86_64-debian-gcc | 0.6.1 | 88.43 | 27.55 | 115.98 | OK | |
r-devel-linux-x86_64-fedora-clang | 0.6.1 | 211.74 | OK | |||
r-devel-linux-x86_64-fedora-gcc | 0.6.1 | 227.47 | OK | |||
r-devel-windows-x86_64 | 0.6.1 | 82.00 | 71.00 | 153.00 | OK | |
r-patched-linux-x86_64 | 0.6.1 | 111.69 | 34.79 | 146.48 | OK | |
r-release-linux-x86_64 | 0.6.1 | 111.64 | 34.30 | 145.94 | OK | |
r-release-macos-arm64 | 0.6.1 | 49.00 | NOTE | |||
r-release-windows-x86_64 | 0.6.1 | 87.00 | 73.00 | 160.00 | OK | |
r-oldrel-macos-arm64 | 0.6.1 | 54.00 | NOTE | |||
r-oldrel-macos-x86_64 | 0.6.1 | 80.00 | NOTE | |||
r-oldrel-windows-x86_64 | 0.6.1 | 107.00 | 81.00 | 188.00 | OK |
Version: 0.6.1
Check: installed package size
Result: NOTE
installed size is 7.6Mb
sub-directories of 1Mb or more:
libs 7.5Mb
Flavors: r-release-macos-arm64, r-oldrel-macos-arm64, r-oldrel-macos-x86_64