Last updated on 2024-05-13 07:50:00 CEST.
Flavor | Version | Tinstall | Tcheck | Ttotal | Status | Flags |
---|---|---|---|---|---|---|
r-devel-linux-x86_64-debian-clang | 1.0.0 | 2.59 | 41.94 | 44.53 | OK | |
r-devel-linux-x86_64-debian-gcc | 1.0.0 | 2.36 | 30.79 | 33.15 | OK | |
r-devel-linux-x86_64-fedora-clang | 1.0.0 | 58.81 | OK | |||
r-devel-linux-x86_64-fedora-gcc | 1.0.0 | 62.26 | OK | |||
r-devel-windows-x86_64 | 1.0.0 | 4.00 | 58.00 | 62.00 | OK | |
r-patched-linux-x86_64 | 1.0.0 | 3.19 | 42.42 | 45.61 | OK | |
r-release-linux-x86_64 | 1.0.0 | 2.70 | 42.09 | 44.79 | OK | |
r-release-macos-arm64 | 1.0.0 | 21.00 | OK | |||
r-release-windows-x86_64 | 1.0.0 | 4.00 | 60.00 | 64.00 | OK | |
r-oldrel-macos-arm64 | 1.0.0 | 22.00 | OK | |||
r-oldrel-macos-x86_64 | 1.0.0 | 30.00 | NOTE | |||
r-oldrel-windows-x86_64 | 1.0.0 | 5.00 | 63.00 | 68.00 | OK |
Version: 1.0.0
Check: package dependencies
Result: NOTE
Package suggested but not available for checking: ‘fields’
Flavor: r-oldrel-macos-x86_64