Last updated on 2024-05-02 20:50:37 CEST.
Flavor | Version | Tinstall | Tcheck | Ttotal | Status | Flags |
---|---|---|---|---|---|---|
r-devel-linux-x86_64-debian-clang | 6.1.8 | 40.68 | 290.23 | 330.91 | OK | |
r-devel-linux-x86_64-debian-gcc | 6.1.8 | 25.37 | 199.01 | 224.38 | OK | |
r-devel-linux-x86_64-fedora-clang | 6.1.8 | 394.26 | NOTE | |||
r-devel-linux-x86_64-fedora-gcc | 6.1.8 | 380.97 | OK | |||
r-devel-windows-x86_64 | 6.1.8 | 30.00 | 242.00 | 272.00 | OK | |
r-patched-linux-x86_64 | 6.1.8 | 25.59 | 259.94 | 285.53 | OK | |
r-release-linux-x86_64 | 6.1.8 | 29.06 | 260.91 | 289.97 | OK | |
r-release-macos-arm64 | 6.1.8 | 100.00 | NOTE | |||
r-release-macos-x86_64 | 6.1.8 | 266.00 | NOTE | |||
r-release-windows-x86_64 | 6.1.8 | 28.00 | 240.00 | 268.00 | OK | |
r-oldrel-macos-arm64 | 6.1.8 | 86.00 | OK | |||
r-oldrel-macos-x86_64 | 6.1.8 | 221.00 | NOTE | |||
r-oldrel-windows-x86_64 | 6.1.8 | 39.00 | 297.00 | 336.00 | OK |
Version: 6.1.8
Check: installed package size
Result: NOTE
installed size is 5.1Mb
sub-directories of 1Mb or more:
doc 2.7Mb
Flavors: r-devel-linux-x86_64-fedora-clang, r-release-macos-arm64, r-release-macos-x86_64, r-oldrel-macos-x86_64