Last updated on 2024-05-11 15:49:05 CEST.
Flavor | Version | Tinstall | Tcheck | Ttotal | Status | Flags |
---|---|---|---|---|---|---|
r-devel-linux-x86_64-debian-clang | 0.1.0 | 1.81 | 20.63 | 22.44 | OK | |
r-devel-linux-x86_64-debian-gcc | 0.1.0 | 1.49 | 16.10 | 17.59 | OK | |
r-devel-linux-x86_64-fedora-clang | 0.1.0 | 30.65 | NOTE | |||
r-devel-linux-x86_64-fedora-gcc | 0.1.0 | 30.10 | OK | |||
r-devel-windows-x86_64 | 0.1.0 | 3.00 | 35.00 | 38.00 | OK | |
r-patched-linux-x86_64 | 0.1.0 | 2.13 | 19.12 | 21.25 | OK | |
r-release-linux-x86_64 | 0.1.0 | 1.75 | 19.38 | 21.13 | OK | |
r-release-macos-arm64 | 0.1.0 | 14.00 | OK | |||
r-release-windows-x86_64 | 0.1.0 | 3.00 | 34.00 | 37.00 | OK | |
r-oldrel-macos-arm64 | 0.1.0 | 18.00 | OK | |||
r-oldrel-macos-x86_64 | 0.1.0 | 28.00 | OK | |||
r-oldrel-windows-x86_64 | 0.1.0 | 4.00 | 33.00 | 37.00 | OK |
Version: 0.1.0
Check: Rd cross-references
Result: NOTE
Undeclared package ‘magrittr’ in Rd xrefs
Flavor: r-devel-linux-x86_64-fedora-clang