CRAN Package Check Results for Package fcirt

Last updated on 2025-07-04 19:50:19 CEST.

Flavor Version Tinstall Tcheck Ttotal Status Flags
r-devel-linux-x86_64-debian-clang 0.1.0 134.41 133.40 267.81 OK
r-devel-linux-x86_64-debian-gcc 0.1.0 115.27 103.41 218.68 OK
r-devel-linux-x86_64-fedora-clang 0.1.0 412.63 NOTE
r-devel-linux-x86_64-fedora-gcc 0.1.0 489.14 NOTE
r-devel-windows-x86_64 0.1.0 146.00 151.00 297.00 OK
r-patched-linux-x86_64 0.1.0 164.16 139.05 303.21 OK
r-release-linux-x86_64 0.1.0 157.87 137.73 295.60 OK
r-release-macos-arm64 0.1.0 111.00 OK
r-release-macos-x86_64 0.1.0 259.00 OK
r-release-windows-x86_64 0.1.0 162.00 155.00 317.00 OK
r-oldrel-macos-arm64 0.1.0 65.00 NOTE
r-oldrel-macos-x86_64 0.1.0 121.00 NOTE
r-oldrel-windows-x86_64 0.1.0 173.00 197.00 370.00 NOTE

Check Details

Version: 0.1.0
Check: dependencies in R code
Result: NOTE Namespaces in Imports field not imported from: ‘RcppParallel’ ‘rstantools’ All declared Imports should be used. Flavors: r-devel-linux-x86_64-fedora-clang, r-devel-linux-x86_64-fedora-gcc

Version: 0.1.0
Check: installed package size
Result: NOTE installed size is 48.2Mb sub-directories of 1Mb or more: libs 47.8Mb Flavors: r-oldrel-macos-arm64, r-oldrel-macos-x86_64

Version: 0.1.0
Check: for GNU extensions in Makefiles
Result: NOTE GNU make is a SystemRequirements. Flavors: r-oldrel-macos-arm64, r-oldrel-macos-x86_64, r-oldrel-windows-x86_64