CRAN Package Check Results for Package fc

Last updated on 2025-05-23 19:53:25 CEST.

Flavor Version Tinstall Tcheck Ttotal Status Flags
r-devel-linux-x86_64-debian-clang 0.1.0 1.63 18.45 20.08 OK
r-devel-linux-x86_64-debian-gcc 0.1.0 1.38 14.75 16.13 OK
r-devel-linux-x86_64-fedora-clang 0.1.0 30.81 OK
r-devel-linux-x86_64-fedora-gcc 0.1.0 29.45 OK
r-devel-windows-x86_64 0.1.0 2.00 73.00 75.00 OK
r-patched-linux-x86_64 0.1.0 1.43 17.28 18.71 OK
r-release-linux-x86_64 0.1.0 1.77 17.38 19.15 OK
r-release-macos-arm64 0.1.0 14.00 OK
r-release-macos-x86_64 0.1.0 28.00 OK
r-release-windows-x86_64 0.1.0 4.00 62.00 66.00 OK
r-oldrel-macos-arm64 0.1.0 14.00 NOTE
r-oldrel-macos-x86_64 0.1.0 24.00 NOTE
r-oldrel-windows-x86_64 0.1.0 4.00 42.00 46.00 NOTE

Check Details

Version: 0.1.0
Check: LazyData
Result: NOTE 'LazyData' is specified without a 'data' directory Flavors: r-oldrel-macos-arm64, r-oldrel-macos-x86_64, r-oldrel-windows-x86_64